-g*c = s - 146 - 34. Suppose c = h + h - 2*k, 0 = 4*k - 16. What are the prime factors of h?
2, 13
Let v = 6 + 5. Suppose v*d + 6*d = 1445. What are the prime factors of d?
5, 17
Suppose 105934 = 2*l - u, 121941 - 439743 = -6*l - 2*u. List the prime factors of l.
52967
What are the prime factors of (-159948)/(-25) + (-206)/(-2575)?
2, 7, 457
Suppose -34*m - 2940 = -40*m. Suppose -4*a = l - 655, 0*a + 3*a = -2*l + m. List the prime factors of a.
2, 41
Let s(n) = -n**2 + 23*n + 21. Let w be s(24). List the prime factors of -23 - -384 - (-4)/3*w.
3, 7, 17
Let f(q) = 32 - 135*q**2 - 143*q**2 + 256*q**2 + 2*q**3 - 7*q. What are the prime factors of f(13)?
617
Let f be ((-40)/35 - -4)/((-2)/7). List the prime factors of (4 - (f + 114))*8/(-10).
2, 5
Let n = 9537 + 10370. What are the prime factors of n?
17, 1171
Suppose 29*p - 33*p = 2*t - 21290, p - t = 5324. What are the prime factors of p?
5323
Let n = -170 - -199. Let a = n + 226. What are the prime factors of a?
3, 5, 17
Suppose -3*y - 303 = -f, 128*y - 126*y - 278 = -f. List the prime factors of f.
2, 3
Let z = -77 - -77. Suppose w - k - 28 = z, 2*w - 5*k + 28 = 3*w. Suppose 0 = w*v - 31*v + 231. What are the prime factors of v?
7, 11
Let k(v) = -22*v**2 - 9*v - 7. Let a(y) = -23*y**2 - 11*y - 7. Let r(t) = 4*a(t) - 5*k(t). What are the prime factors of r(-5)?
2, 113
Suppose -4*v - 1640 = -2*n, 3*n = 4*n + v - 826. Suppose 0 = -8*l - n + 5360. List the prime factors of l.
3, 7
Let t be (-4)/(-3*((-6)/(-9))/1). Suppose 0 + t = -p. What are the prime factors of 1*(0 + (p - 1)) + 94?
7, 13
Suppose -3*i + 126 = -5*w + 451, -3*i = -2*w + 139. Let l = w + -53. Suppose -l = -p + 15. List the prime factors of p.
2, 3
Let a be (8/(-4) - -3)*-16. Let t(s) = 4*s**2 + 31*s - 14. What are the prime factors of t(a)?
2, 257
Let i(j) = -9*j**3 - 4*j**2 + 3*j + 5. Let n be (-10 - 294/(-35))/((-2)/(-5)). What are the prime factors of i(n)?
5, 101
Let y(x) = -3*x**3 - x**2 + 7*x + 9. Suppose 0*c + 9*c = 0. Suppose 3*n - 2*n - 5*g = -19, -n - 3*g + 5 = c. List the prime factors of y(n).
157
Suppose 6*k + 45727 = 8*k + 9*k. What are the prime factors of k?
4157
Let p(y) = y**3 + 20*y**2 + 34*y - 31. Let k be p(-18). Suppose -15*r + k*r = -760. What are the prime factors of r?
2, 19
Let v(l) = l**3 + 46*l**2 + 92*l + 18. What are the prime factors of v(-40)?
2, 2969
Let t be 7 - ((-64)/(-28) - (-10)/(-35)). Suppose -2084 + 689 = -t*s. What are the prime factors of s?
3, 31
Let s = -65 + 4431. List the prime factors of s.
2, 37, 59
Suppose 11*c + 21 = 18*c. Suppose 2*g - 3*g = c*y + 209, -282 = 4*y + 3*g. Let f = 162 + y. List the prime factors of f.
3, 31
Let v(z) = -261*z + 818. What are the prime factors of v(-11)?
7, 17, 31
Let a(u) = -52*u**3 - 3*u**2 - 7*u + 5. Let p be a(2). Let g = 161 - p. What are the prime factors of g?
2, 13, 23
Suppose k = -2*g + 3868, -15*k = -17*k - 5*g + 7729. What are the prime factors of k?
2, 3, 647
Let u(z) = -1 + 20 - 3*z - z - z**2. Let n be u(-6). Suppose -w + 5*w + 36 = l, 2*l - n = -5*w. What are the prime factors of l?
2
What are the prime factors of 3 + 2569 + 140/(-20)?
3, 5, 19
Suppose 0 = 5*x + 2*a - 27609, -431*x = -430*x + a - 5526. List the prime factors of x.
5519
Suppose -2*w + 7476 = 2*c, -15*c + 18*c - w - 11198 = 0. List the prime factors of c.
2, 1867
Suppose -5*c + 1144584 = 71*c - 13*c. What are the prime factors of c?
2, 3, 757
What are the prime factors of (-685 - 3 - -7)*(-20)/6?
2, 5, 227
Let k(d) = -5*d**3 + 219*d**2 - 18*d + 77. List the prime factors of k(43).
3, 7, 11, 29
Let k(o) = 24*o + 846. List the prime factors of k(37).
2, 3, 17
Let r = -100 - -106. Let b(x) = -r*x**2 + 3*x**2 + 33 - x**3 + x**2 - 2*x + 0*x**3. List the prime factors of b(0).
3, 11
Let v(a) = 2*a**3 - 17*a**2 - 9*a + 25. Let j be v(12). Let d = j + -404. Suppose 4*t - d = -f, 0*f + 2*f = t - 128. List the prime factors of t.
2, 5, 13
Suppose -8*t + 2246 + 4914 = 0. What are the prime factors of t?
5, 179
Suppose -3*i = -0*s + 2*s, 3*i = -4*s + 6. Suppose -5*o - 113 = -f, -s*o - 2*o = -20. Suppose -f = -5*x + 107. What are the prime factors of x?
2, 3
Let u = 50 + -27. Let t = 17 - u. List the prime factors of 1*(-444)/(t + 2).
3, 37
Let z(u) = 23*u**2 - 151*u + 173. List the prime factors of z(14).
17, 151
Suppose -o = -417 + 38. Suppose 6*v = 7*v - 193. Let t = o - v. What are the prime factors of t?
2, 3, 31
Suppose 0 = w + 261 - 228. Let l(k) = -7*k - 38. What are the prime factors of l(w)?
193
Suppose 70239 = 22*a + 17*a. List the prime factors of a.
1801
Let r(w) = 3*w - 20. Let h be r(8). Suppose -5*g + 404 = 4*l, -3*l + 2*l + 332 = h*g. Suppose -19*j + g = -15*j. What are the prime factors of j?
3, 7
Let p be 5/((-25)/5870) - 7. Let j = 1962 + p. What are the prime factors of j?
11, 71
Let u = -1708 - -3663. What are the prime factors of u?
5, 17, 23
Suppose -4*b + 379 = -3*v, 0 = -6*b + 2*b - 5*v + 403. Let i(d) = -15*d + 152. Let f be i(6). Let x = b + f. List the prime factors of x.
3, 53
Suppose -126*p + 328524 = -42*p. List the prime factors of p.
3911
Let m(q) = -23*q + 150 + 13*q - 18*q. List the prime factors of m(-12).
2, 3
Let y be (2 + -1)/((-12)/(-1800)). Suppose -5*g = -160 - y. List the prime factors of g.
2, 31
What are the prime factors of (147 + 3)*(-6 - 1 - 106832/(-264))?
2, 5, 1193
Let m(a) = a**3 - 6*a + 16165. What are the prime factors of m(0)?
5, 53, 61
Let m = -9 + 29. Let l be 8/m*(-16 - -1). List the prime factors of (45 - l) + 1 - (0 + -4).
2, 7
Suppose -64*v + 5521 = 1435 - 4618. What are the prime factors of v?
2, 17
Let r(y) = -79*y - 14. Let u be r(-13). Let o = u - 365. List the prime factors of o.
2, 3
What are the prime factors of 2130/(-40)*(-8)/6*15?
3, 5, 71
Let g = 199662 + -142076. What are the prime factors of g?
2, 28793
Let q be (-1)/1 - -1899 - (43 + -46). Let w = -1296 + q. What are the prime factors of w?
5, 11
Let n(b) = b**3 + 16*b**2 - 36*b + 2. Let t be n(-18). Suppose 0 = -3*m + t*m + 2*p + 144, -m + 3*p = -147. What are the prime factors of m?
2, 3, 23
Let x(i) = -i**3 + 12*i**2 + 3*i + 103. Let u be x(11). Let l = -2 - -2. Suppose l = -5*h + 3*b + 407, 3*h - 7*b = -2*b + u. What are the prime factors of h?
79
Let b(l) = -l**2 - 47*l - 54. Let g = 353 - 388. List the prime factors of b(g).
2, 3, 61
Suppose 3*p + 5*m + 4140 = -2*p, -2*p = 4*m + 1660. Let h = -391 - p. What are the prime factors of h?
3, 5, 29
Let r = -66263 + 111347. What are the prime factors of r?
2, 3, 13, 17
Let g = -336 + -426. Let q = g + 1446. What are the prime factors of q?
2, 3, 19
Let o = 4 + -1. Let j(f) = f - 1. Let m be j(o). Suppose -222 + 60 = -m*h. List the prime factors of h.
3
Suppose 6*x - 38727 = 14210 + 25789. What are the prime factors of x?
13121
Let b be (8/14)/2 - (-270340)/(-196). Let p = -925 - b. Suppose -5*n = -2*y + p, 1114 = 5*y - 5*n + 3*n. List the prime factors of y.
2, 3, 37
Let k be (-29 - (3 - 5))*1. Let j be (-224)/(-36) - (-6)/k. What are the prime factors of 6153/105 - j/10?
2, 29
Let m = 84 + 102. List the prime factors of (4/3)/(376/m - 2).
2, 31
Let p(h) = h**2 + 12*h + 22. Let b be p(-3). What are the prime factors of (-4 - 6)/b - -376?
2, 3, 7
Let v = 233 - 107. Let j = v + -69. List the prime factors of j.
3, 19
Let r(v) = -2*v**3 + 11*v**2 - 6*v + 1. Let a be r(7). Suppose -4*j + 4*t - 228 = 0, 25 = 27*t - 22*t. Let y = j - a. What are the prime factors of y?
2, 17
Suppose 30*v + 36*v - 832211 - 372487 = 0. What are the prime factors of v?
18253
Let h = -18 - -18. Suppose h = -0*t - 2*t + 2. What are the prime factors of t - 0 - -88 - 0?
89
Let v = -152 - -152. Let y = -88 + 137. Suppose v = x - 30 - y. What are the prime factors of x?
79
Let m(d) = 320*d**3 + 19*d**2 - 22*d + 18. List the prime factors of m(6).
2, 3, 5, 23, 101
Let l(m) = 34*m + 1. Let s be l(10). Suppose 2*i = -55 + s. List the prime factors of i.
11, 13
Let u = 16156 + -8995. What are the prime factors of u?
3, 7, 11, 31
Let o be (1 + (-722)/(-4))/((-16)/448). List the prime factors of (-81)/(-54) + o/(-4).
2, 3, 53
Let v(g) be the second derivative of -5/6*g**3 + g**2 + 7*g + 0. List the prime factors of v(-9).
47
Let g be 3/((-6)/(-3010)) - (-62)/(-31). Suppose -175 + g = 8*y. What are the prime factors of y?
2, 83
Suppose -3*g = 